 the prime factors of (-1)/((-3)/9) - 2785580/(-101).
27583
Let n = -243 - -402. Let m be (n/(-12))/(1/(-8)). Suppose 3*s - 64 = x, 5*s - 4*x + 3*x = m. List the prime factors of s.
3, 7
Let t be 3/(-12) - ((-2652)/16)/3. What are the prime factors of (-6174)/(-33) + (-5)/t?
11, 17
Let f(z) be the second derivative of z**3/6 - 3*z**2 - 3*z. Let h be f(-6). Let i(x) = x**3 + 13*x**2 + 5*x - 11. List the prime factors of i(h).
73
Suppose 8325 = q - 32*u + 35*u, -2*u = 4*q - 33310. List the prime factors of q.
2, 3, 347
Let c = -18867 - -23712. List the prime factors of c.
3, 5, 17, 19
Let t = -34 - -35. Let m(u) = 14*u**3 + t - 6*u**3 - u**2 + 3*u - 3. List the prime factors of m(1).
2
List the prime factors of 2/(-3)*(-44814)/12*3828/203.
2, 11, 97
Suppose -h + 82 = h. Suppose -s - s = -3*m - 3, m = -1. Suppose s = -4*f + h + 59. List the prime factors of f.
5
Suppose -30*j - 20*j + 601698 = j. List the prime factors of j.
2, 17, 347
Let p be -4 - (-12 - (-16)/4). Suppose 0 = -v + n - 212, 0 = 2*v - p*n - n + 427. Let g = v + 369. List the prime factors of g.
2, 79
Suppose -32386 - 71274 = -20*j. List the prime factors of j.
71, 73
Suppose -3*i - 7*i - 200 = 0. Let b(w) be the first derivative of -w**3/3 - 11*w**2 + 16*w + 3. List the prime factors of b(i).
2, 7
What are the prime factors of -7 + (0 - 9 - -1484)?
2, 367
Suppose 498004 = 40*x - 941156. What are the prime factors of x?
3, 67, 179
Suppose 0 = -3*r - 5*a + 23, -9*r + 8*r + 9 = a. Suppose -5*z - 5280 = -r*z. List the prime factors of z.
2, 5, 11
Suppose -31*a - 22510 + 124505 = -571170. List the prime factors of a.
5, 43, 101
Let j = 30 - 27. Let z be j/(2/(384/9)). Suppose -z - 156 = -4*i - v, 2*i = -2*v + 110. What are the prime factors of i?
5, 11
Suppose -23*q + 11*q = 2136. Let b = q + 455. List the prime factors of b.
277
Suppose -2*u = x + 6, -3 = -x - 0*x + u. Suppose -8*o - 151 + 1351 = x. List the prime factors of o.
2, 3, 5
Let w be (-4050)/(-570) + (-4)/38. Suppose -2*x = -3*a + 2032, 5*x - 700 = -w*a + 6*a. List the prime factors of a.
2, 5, 17
Let l = 1308 + -1961. Let f = l + 1306. List the prime factors of f.
653
Let p be (-54813)/44 + (-1)/8*2. What are the prime factors of -14 + (0 - -5) - p?
1237
Let z be (-22 - -26) + (-62)/(-2). Suppose 2 = 37*g - z*g. List the prime factors of g/5 - (-416)/20.
3, 7
Let v = 59 + -52. Suppose s + 7 = i, -4*i + v + 15 = -s. Let c(m) = -15*m**3 + 2*m**2 + m - 1. List the prime factors of c(s).
5
Let v(t) = 8*t**2 + 299*t + 873. List the prime factors of v(-73).
2, 3, 3613
Let u(m) = 589*m**2 - 20*m + 42. List the prime factors of u(2).
2, 3, 131
Let n(z) = -z**3 + 8*z**2 + 9*z - 70. Let j be n(8). Suppose j*d - x - 249 = 2*x, 0 = 4*d + 5*x - 487. What are the prime factors of d?
3, 41
Suppose -22 = 11*h - 0. Let b be (1 + h)*(-2 - (2 + 0)). What are the prime factors of (0/5)/b + 182?
2, 7, 13
Let z(q) = 3*q**2 + q - 8. Let h be z(-2). Suppose -s - h*o = -326, 4*s - 561 = 4*o + 779. List the prime factors of s.
2, 83
Let a = 61 + -885. Let v = a - -1271. List the prime factors of v.
3, 149
Suppose -2*z = -k - z + 3, 0 = z. Suppose -112 = k*h + 173. List the prime factors of 1/(((0 + -2)/2)/h).
5, 19
Let p be (4 + (-24)/15)*30/9. Let y be (4 + 4)/(-4) + p. Suppose 0 = -y*w - 6*w + 876. List the prime factors of w.
73
Suppose -5*d + 2420 = -5*z, 2*d - 777 = 3*z + 192. List the prime factors of d.
3, 7, 23
Let f = -2338 + 4965. List the prime factors of f.
37, 71
Let m be ((-20)/(-6) - 2)/(222/(-226773)). Let q = -475 - m. List the prime factors of q.
887
Let z(q) = 265*q + 622. List the prime factors of z(40).
2, 31, 181
What are the prime factors of 324*(88 - ((-1 - 0) + 11))?
2, 3, 13
List the prime factors of (159/9)/(28/10836).
3, 43, 53
Suppose -m + 9*m - 8 = 0. Suppose 6*y = 8*y - 12. Suppose w - m = o + y, -4*w - 4*o + 44 = 0. List the prime factors of w.
3
Suppose -9*w - w = -20. Suppose -15 = -15*k + 12*k. What are the prime factors of ((145/k)/1)/(w/2)?
29
Suppose -5*i + 43530 = -5*l, 0 = -3*i + 3355*l - 3354*l + 26116. What are the prime factors of i?
5, 1741
Let f(p) = p**3 - 10*p**2 + 12*p + 19. Let a be f(8). Let q(n) be the first derivative of -5*n**2/2 + 18*n + 4. What are the prime factors of q(a)?
83
Let k(q) = -q**2 + 7*q - 2. Let h be k(3). Suppose 0 = h*i - 26 - 14. Suppose -n + 667 = 3*w, -i*w + 1106 = -3*n + 234. What are the prime factors of w?
13, 17
Let p be ((-10)/8)/((-1)/4). Suppose 0 = p*w + 14 + 166. List the prime factors of (8/2)/((-9)/w).
2
Let v be -4 + 5 + 5 + 0/(-5). Suppose -6*q + 4*y = -11*q + 4914, 3*q - 2982 = v*y. What are the prime factors of q?
2, 17, 29
Let v = 101055 - 64235. What are the prime factors of v?
2, 5, 7, 263
Let a(j) = -546*j**3 + 5*j**2 + 46*j + 54. What are the prime factors of a(-3)?
3, 13, 29
Suppose 2479*h + 90135 = y + 2482*h, -y - 2*h + 90133 = 0. List the prime factors of y.
3, 13, 2311
Suppose 55*j - 1830 = 50*j. Let t = j + -255. List the prime factors of (1 + t/12)*(8 + 4).
3, 41
Suppose 14*c - 169753 = -25413. List the prime factors of c.
2, 5, 1031
Let p(n) = -n**3 + 9*n**2 + 12*n + 79. What are the prime factors of p(-20)?
3, 31, 41
Let l be -418*((-15)/6)/(-5). Let y = l + 338. What are the prime factors of y?
3, 43
Suppose -3*j = -15 - 168. Suppose 4*k - 3*t = 602, -k - j = -4*t - 205. What are the prime factors of k?
2, 19
Let s be 9/(-6)*352/(-132). Let o(k) = 50*k**2 - 9*k + 51. List the prime factors of o(s).
5, 163
Let g = 6723 - 576. List the prime factors of g.
3, 683
Suppose -2*i - i + 72 = 0. Let a be 1*24/(-6) + -2. Let k = i + a. List the prime factors of k.
2, 3
Let z(w) = -3*w**3 - 8095888 + 0*w**3 + 8095891 + 6*w**2 + 8*w. Suppose -5*l - 6 = 4. What are the prime factors of z(l)?
5, 7
What are the prime factors of 2/((-8)/2678)*-10 + 0?
5, 13, 103
Let u = -385 - -430. Suppose -88790 + 21515 = -u*t. What are the prime factors of t?
5, 13, 23
Let z(c) = -c**3 + 6*c**2 + 5*c + 14. Let a be z(7). Suppose a = n + 27 - 31. Suppose -208 = -5*h + j, -3*j - 2 = n*h - 157. List the prime factors of h.
41
Suppose 0 = 28*p - 31*p - 6. What are the prime factors of (-6 - (43 + 0))/(-3 - p)?
7
Suppose -15*r + 7220 + 61405 = 0. What are the prime factors of r?
3, 5, 61
Suppose 3*s - 294 = 45. Let n be 16/(-88) + (-2490)/(-22). Suppose 0 = 2*a - 3*r - n, 2*r - s = -3*a + 63. What are the prime factors of a?
2, 29
Suppose 69*f - 749159 = -52*f - 4404. List the prime factors of f.
5, 1231
Let m(v) = -158*v + 1780. What are the prime factors of m(6)?
2, 13
Let k = -1585 + -88. Let w = k + 2812. List the prime factors of w.
17, 67
Let z(l) = -l**3 - 6*l**2 - l - 1. Let j be z(-6). Suppose -j*y + 2016 - 516 = 0. Suppose -4*w + 8*w - y = 0. List the prime factors of w.
3, 5
Let q = -45839 + 85006. List the prime factors of q.
53, 739
Let l(b) = -3*b**2 - 103*b + 54. Let x be l(-35). Let n(j) = -41*j + 104. List the prime factors of n(x).
2, 5, 19
Let j = 16369 - 7775. What are the prime factors of j?
2, 4297
Let p(r) = r**2 + 10*r + 13. Let v be p(-10). Suppose 376 = 17*a - v*a. Let j = -42 + a. What are the prime factors of j?
2, 13
Let w be 3 - 294*(-1)/((-6)/8). Let q = w - -504. List the prime factors of q.
5, 23
What are the prime factors of (-75 + 106)*((3 - -1017) + 3)?
3, 11, 31
Suppose -6315 = -6*q + 993 + 15348. What are the prime factors of q?
2, 59
Let q = -2 - -41. Suppose 0 = q*m - 36*m - 2439. What are the prime factors of m?
3, 271
Let l be (-230)/(-16) + (-96)/256. Suppose 977 = l*t - 13*t. What are the prime factors of t?
977
Suppose x + 3*x = -3*g + 15, 10 = 2*g - x. Suppose -2*h - 1784 = -4*r + h, g*h = 2*r - 892. List the prime factors of r.
2, 223
List the prime factors of ((-5289)/82)/((-6)/1552).
2, 43, 97
Suppose -9 = 6*f - 3*f. Let u be (90/(-27))/(2/f). Suppose 2*z + 5*w = 11, -4*z + 10*w = u*w - 97. List the prime factors of z.
2, 3
Let z(h) = 1688*h - 1092. What are the prime factors of z(4)?
2, 5, 283
Suppose 3*k + 20 = 32, 3*u = -5*k + 9617. List the prime factors of u.
7, 457
Let p = -44605 - -76816. What are the prime factors of p?
3, 1193
Let u be (-11)/((-594)/207) - (-1)/6. Suppose b = u*t + 56, -5*b + 3*t + 147 + 99 = 0. What are the prime factors of b?
2, 3
Let v(d) = -d**3 + 3*d**2 + 11*d - 5. Let m be v(5). Suppose m = 7*z 